{"id":5663,"date":"2014-01-20T20:19:28","date_gmt":"2018-12-15T14:34:44","guid":{"rendered":"https:\/\/gerec.fi\/tutkimus\/aktiivisena-vanheneminen-elinpiiri-ja-liikunta-5\/"},"modified":"2024-06-19T08:42:26","modified_gmt":"2024-06-19T05:42:26","slug":"services","status":"publish","type":"page","link":"https:\/\/www.gerec.fi\/en\/research\/services\/","title":{"rendered":"Services, care and politics","raw":"Services, care and politics"},"content":{"rendered":"[vc_row][vc_column][vc_column_text]\n<h3>University of Jyv\u00e4skyl\u00e4<\/h3>\n<ul>\n<li><a href=\"https:\/\/www.jyu.fi\/en\/research\/centres-of-excellence\/centre-of-excellence-in-research-on-ageing-and-care\" target=\"_blank\" rel=\"noopener noreferrer\">Centre of Excellence in Research on Ageing and Care (CoE AgeCare)<\/a><\/li>\n<\/ul>\n<h3>Tampereen yliopisto<\/h3>\n<ul>\n<li><a href=\"http:\/\/www.gerec.fi\/en\/research\/health\/vitality-90\/\">Vitality 90+<\/a><\/li>\n<li><a href=\"http:\/\/www.gerec.fi\/en\/research\/services\/coctel\/\">New dynamic of longevity and the changing needs for services (COCTEL)<\/a><\/li>\n<li><a href=\"http:\/\/www.gerec.fi\/en\/research\/services\/functionality-quality-of-service-chain\/\">The functionality and the quality of the geriatric service chain<\/a><\/li>\n<li><a href=\"http:\/\/www.gerec.fi\/en\/research\/services\/asuva\/\">ASUVA &#8211; New housing options in old age<\/a><\/li>\n<\/ul>\n[\/vc_column_text][\/vc_column][\/vc_row]\n","protected":false,"raw":"[vc_row][vc_column][vc_column_text]\r\n<h3>University of Jyv\u00e4skyl\u00e4<\/h3>\r\n<ul>\r\n \t<li><a href=\"https:\/\/www.jyu.fi\/en\/research\/centres-of-excellence\/centre-of-excellence-in-research-on-ageing-and-care\" target=\"_blank\" rel=\"noopener noreferrer\">Centre of Excellence in Research on Ageing and Care (CoE AgeCare)<\/a><\/li>\r\n<\/ul>\r\n<h3>Tampereen yliopisto<\/h3>\r\n<ul>\r\n \t<li><a href=\"http:\/\/www.gerec.fi\/en\/research\/health\/vitality-90\/\">Vitality 90+<\/a><\/li>\r\n \t<li><a href=\"http:\/\/www.gerec.fi\/en\/research\/services\/coctel\/\">New dynamic of longevity and the changing needs for services (COCTEL)<\/a><\/li>\r\n \t<li><a href=\"http:\/\/www.gerec.fi\/en\/research\/services\/functionality-quality-of-service-chain\/\">The functionality and the quality of the geriatric service chain<\/a><\/li>\r\n \t<li><a href=\"http:\/\/www.gerec.fi\/en\/research\/services\/asuva\/\">ASUVA - New housing options in old age<\/a><\/li>\r\n<\/ul>\r\n[\/vc_column_text][\/vc_column][\/vc_row]"},"excerpt":{"rendered":"[vc_row column_spacing=\"50\" bg_style=\"stretch\" css=\".vc_custom_1544814296502{padding-top: 30px !important;padding-bottom: 5px !important;}\"][vc_column][vc_column_text width=\"750\" font_size=\"14px\" align=\"left\"] Jyv\u00e4skyl\u00e4n yliopisto Ik\u00e4\u00e4ntymisen ja hoivan tutkimuksen huippuyksikk\u00f6 Mielen hyvinvointi ja asumispalvelujen ymp\u00e4rist\u00f6 (MAY) Tampereen yliopisto Tervaskannot 90+ Yleistyv\u00e4 pitk\u00e4ik\u00e4isyys ja sosiaali- ja terveyspalvelujen uudet haasteet (COCTEL) Geriatria Asumisen uudet&hellip;","protected":false,"raw":""},"author":1,"featured_media":0,"parent":5237,"menu_order":5,"comment_status":"closed","ping_status":"closed","template":"","meta":{"_mi_skip_tracking":false,"_fi_post_content":"[vc_row column_spacing=\"50\" bg_style=\"stretch\" css=\".vc_custom_1544814296502{padding-top: 30px !important;padding-bottom: 5px !important;}\"][vc_column][vc_column_text width=\"750\" font_size=\"14px\" align=\"left\"]\r\n<h3>Jyv\u00e4skyl\u00e4n yliopisto<\/h3>\r\n<ul>\r\n \t<li><a href=\"https:\/\/www.jyu.fi\/fi\/tutkimus\/huippututkimusyksikot\/ikaantymisen-ja-hoivan-tutkimuksen-huippuyksikko\" target=\"_blank\" rel=\"noopener noreferrer\">Ik\u00e4\u00e4ntymisen ja hoivan tutkimuksen huippuyksikk\u00f6<\/a><\/li>\r\n \t<li><a href=\"https:\/\/www.gerec.fi\/tutkimus\/palvelut-hoiva-ja-politiikka\/may\/\" target=\"_blank\" rel=\"noopener\">Mielen hyvinvointi ja asumispalvelujen ymp\u00e4rist\u00f6 (MAY)<\/a><\/li>\r\n<\/ul>\r\n<h3>Tampereen yliopisto<\/h3>\r\n<ul>\r\n \t<li><a href=\"https:\/\/www.gerec.fi\/tutkimus\/terveys-toimintakykyisyys-pitkaikaisyys-ja-biologinen-vanheneminen\/tervaskannot-90\/\">Tervaskannot 90+<\/a><\/li>\r\n \t<li><a href=\"http:\/\/www.gerec.fi\/tutkimus\/palvelut-hoiva-ja-politiikka\/yleistyva-pitkaikaisyys-ja-sosiaali-ja-terveyspalvelujen-uudet-haasteet-coctel-marja-jylha\/\">Yleistyv\u00e4 pitk\u00e4ik\u00e4isyys ja sosiaali- ja terveyspalvelujen uudet haasteet (COCTEL)<\/a><\/li>\r\n \t<li><a href=\"https:\/\/www.gerec.fi\/tutkimus\/palvelut-hoiva-ja-politiikka\/geriatria\/\">Geriatria<\/a><\/li>\r\n \t<li><a href=\"http:\/\/www.gerec.fi\/tutkimus\/palvelut-hoiva-ja-politiikka\/asumisen-uudet-vaihtoehdot-ja-hyva-vanhuus-asuva-outi-jolanki\/\">Asumisen uudet vaihtoehdot ja hyv\u00e4 vanhuus (ASUVA)<\/a><\/li>\r\n<\/ul>\r\n[\/vc_column_text][vcex_navbar][\/vc_column][\/vc_row]","_fi_post_name":"palvelut-hoiva-ja-politiikka","_fi_post_excerpt":"","_fi_post_title":"Palvelut, hoiva ja politiikka","_en_post_content":"[vc_row][vc_column][vc_column_text]\r\n<h3>University of Jyv\u00e4skyl\u00e4<\/h3>\r\n<ul>\r\n \t<li><a href=\"https:\/\/www.jyu.fi\/en\/research\/centres-of-excellence\/centre-of-excellence-in-research-on-ageing-and-care\" target=\"_blank\" rel=\"noopener noreferrer\">Centre of Excellence in Research on Ageing and Care (CoE AgeCare)<\/a><\/li>\r\n<\/ul>\r\n<h3>Tampereen yliopisto<\/h3>\r\n<ul>\r\n \t<li><a href=\"http:\/\/www.gerec.fi\/en\/research\/health\/vitality-90\/\">Vitality 90+<\/a><\/li>\r\n \t<li><a href=\"http:\/\/www.gerec.fi\/en\/research\/services\/coctel\/\">New dynamic of longevity and the changing needs for services (COCTEL)<\/a><\/li>\r\n \t<li><a href=\"http:\/\/www.gerec.fi\/en\/research\/services\/functionality-quality-of-service-chain\/\">The functionality and the quality of the geriatric service chain<\/a><\/li>\r\n \t<li><a href=\"http:\/\/www.gerec.fi\/en\/research\/services\/asuva\/\">ASUVA - New housing options in old age<\/a><\/li>\r\n<\/ul>\r\n[\/vc_column_text][\/vc_column][\/vc_row]","_en_post_name":"services","_en_post_excerpt":"","_en_post_title":"Services, care and politics","edit_language":"en","footnotes":""},"class_list":["post-5663","page","type-page","status-publish","hentry","entry","no-media"],"_links":{"self":[{"href":"https:\/\/www.gerec.fi\/en\/wp-json\/wp\/v2\/pages\/5663","targetHints":{"allow":["GET"]}}],"collection":[{"href":"https:\/\/www.gerec.fi\/en\/wp-json\/wp\/v2\/pages"}],"about":[{"href":"https:\/\/www.gerec.fi\/en\/wp-json\/wp\/v2\/types\/page"}],"author":[{"embeddable":true,"href":"https:\/\/www.gerec.fi\/en\/wp-json\/wp\/v2\/users\/1"}],"replies":[{"embeddable":true,"href":"https:\/\/www.gerec.fi\/en\/wp-json\/wp\/v2\/comments?post=5663"}],"version-history":[{"count":23,"href":"https:\/\/www.gerec.fi\/en\/wp-json\/wp\/v2\/pages\/5663\/revisions"}],"predecessor-version":[{"id":9455,"href":"https:\/\/www.gerec.fi\/en\/wp-json\/wp\/v2\/pages\/5663\/revisions\/9455"}],"up":[{"embeddable":true,"href":"https:\/\/www.gerec.fi\/en\/wp-json\/wp\/v2\/pages\/5237"}],"wp:attachment":[{"href":"https:\/\/www.gerec.fi\/en\/wp-json\/wp\/v2\/media?parent=5663"}],"curies":[{"name":"wp","href":"https:\/\/api.w.org\/{rel}","templated":true}]}}

[vc_row][vc_column][vc_column_text]
<h3>University of Jyväskylä</h3>
<ul>
<li><a href="https://www.jyu.fi/en/research/centres-of-excellence/centre-of-excellence-in-research-on-ageing-and-care" target="_blank" rel="noopener noreferrer">Centre of Excellence in Research on Ageing and Care (CoE AgeCare)</a></li>
</ul>
<h3>Tampereen yliopisto</h3>
<ul>
<li><a href="http://www.gerec.fi/en/research/health/vitality-90/">Vitality 90+</a></li>
<li><a href="http://www.gerec.fi/en/research/services/coctel/">New dynamic of longevity and the changing needs for services (COCTEL)</a></li>
<li><a href="http://www.gerec.fi/en/research/services/functionality-quality-of-service-chain/">The functionality and the quality of the geriatric service chain</a></li>
<li><a href="http://www.gerec.fi/en/research/services/asuva/">ASUVA &#8211; New housing options in old age</a></li>
</ul>
[/vc_column_text][/vc_column][/vc_row]

[vc_row][vc_column][vc_column_text]
<h3>University of Jyväskylä</h3>
<ul>
 	<li><a href="https://www.jyu.fi/en/research/centres-of-excellence/centre-of-excellence-in-research-on-ageing-and-care" target="_blank" rel="noopener noreferrer">Centre of Excellence in Research on Ageing and Care (CoE AgeCare)</a></li>
</ul>
<h3>Tampereen yliopisto</h3>
<ul>
 	<li><a href="http://www.gerec.fi/en/research/health/vitality-90/">Vitality 90+</a></li>
 	<li><a href="http://www.gerec.fi/en/research/services/coctel/">New dynamic of longevity and the changing needs for services (COCTEL)</a></li>
 	<li><a href="http://www.gerec.fi/en/research/services/functionality-quality-of-service-chain/">The functionality and the quality of the geriatric service chain</a></li>
 	<li><a href="http://www.gerec.fi/en/research/services/asuva/">ASUVA - New housing options in old age</a></li>
</ul>
[/vc_column_text][/vc_column][/vc_row]

[vc_row column_spacing="50" bg_style="stretch" css=".vc_custom_1544814296502{padding-top: 30px !important;padding-bottom: 5px !important;}"][vc_column][vc_column_text width="750" font_size="14px" align="left"] Jyväskylän yliopisto Ikääntymisen ja hoivan tutkimuksen huippuyksikkö Mielen hyvinvointi ja asumispalvelujen ympäristö (MAY) Tampereen yliopisto Tervaskannot 90+ Yleistyvä pitkäikäisyys ja sosiaali- ja terveyspalvelujen uudet haasteet (COCTEL) Geriatria Asumisen uudet&hellip;

[vc_row column_spacing="50" bg_style="stretch" css=".vc_custom_1544814296502{padding-top: 30px !important;padding-bottom: 5px !important;}"][vc_column][vc_column_text width="750" font_size="14px" align="left"]
<h3>Jyväskylän yliopisto</h3>
<ul>
 	<li><a href="https://www.jyu.fi/fi/tutkimus/huippututkimusyksikot/ikaantymisen-ja-hoivan-tutkimuksen-huippuyksikko" target="_blank" rel="noopener noreferrer">Ikääntymisen ja hoivan tutkimuksen huippuyksikkö</a></li>
 	<li><a href="https://www.gerec.fi/tutkimus/palvelut-hoiva-ja-politiikka/may/" target="_blank" rel="noopener">Mielen hyvinvointi ja asumispalvelujen ympäristö (MAY)</a></li>
</ul>
<h3>Tampereen yliopisto</h3>
<ul>
 	<li><a href="https://www.gerec.fi/tutkimus/terveys-toimintakykyisyys-pitkaikaisyys-ja-biologinen-vanheneminen/tervaskannot-90/">Tervaskannot 90+</a></li>
 	<li><a href="http://www.gerec.fi/tutkimus/palvelut-hoiva-ja-politiikka/yleistyva-pitkaikaisyys-ja-sosiaali-ja-terveyspalvelujen-uudet-haasteet-coctel-marja-jylha/">Yleistyvä pitkäikäisyys ja sosiaali- ja terveyspalvelujen uudet haasteet (COCTEL)</a></li>
 	<li><a href="https://www.gerec.fi/tutkimus/palvelut-hoiva-ja-politiikka/geriatria/">Geriatria</a></li>
 	<li><a href="http://www.gerec.fi/tutkimus/palvelut-hoiva-ja-politiikka/asumisen-uudet-vaihtoehdot-ja-hyva-vanhuus-asuva-outi-jolanki/">Asumisen uudet vaihtoehdot ja hyvä vanhuus (ASUVA)</a></li>
</ul>
[/vc_column_text][vcex_navbar][/vc_column][/vc_row]
