{"id":135,"date":"2014-01-20T20:19:28","date_gmt":"2018-12-11T20:10:18","guid":{"rendered":"https:\/\/gerec.fi\/2018\/12\/11\/nordic-comparative-and-longitudinal-study-of-75-80-year-olds-nora\/"},"modified":"2024-06-19T08:42:27","modified_gmt":"2024-06-19T05:42:27","slug":"hearattn","status":"publish","type":"page","link":"https:\/\/www.gerec.fi\/en\/research\/archived\/hearattn\/","title":{"rendered":"Hearing, remembering and living well: Paying attention to challenges that older adults face in noisy environments (HEARATTN)","raw":"Hearing, remembering and living well: Paying attention to challenges that older adults face in noisy environments (HEARATTN)"},"content":{"rendered":"[vc_row][vc_column][vc_column_text]The aim of the study is to investigate whether hearing difficulties influence older adults&#8217; social participation and life-space mobility. Life-space mobility describes the size of the spatial area where person moves as well as the frequency of travels in that area. Life-space mobility reflects the balance between individual resources and environmental challenges in person\u2019s daily life in the real world situation. This study is based on the assumption that changes in hearing and cognition in aging and\/or a noisy environment can cause a deprivation of environmental information for the affected person, which in turn can be expressed in uncertainty and poorer functioning in mobility tasks. Better understanding of the challenges hearing impaired person has to face in everyday life, and understanding of the consequences of poor hearing for the mobility is needed in order to promote the older person\u00b4s equal opportunities to participate actively in the society.<\/p>\n<p><strong>Funding <\/strong><b><br \/>\n<\/b>Academy of Finland, ERA-AGE 2, 2013-2015<\/p>\n<p><strong>Research group<\/strong><b><br \/>\n<\/b><i>Principal investigator<br \/>\n<\/i>Anne Viljanen, anne.viljanen@jyu.fi, Department of Health Sciences, University of Jyv\u00e4skyl\u00e4<\/p>\n<p><i>Postdoctoral researcher<br \/>\n<\/i>Tuija Mikkola, Department of Health Sciences, University of Jyv\u00e4skyl\u00e4<\/p>\n<p>Doctoral student<br \/>\nHannele Polku, Department of Health Sciences, University of Jyv\u00e4skyl\u00e4<\/p>\n<p><strong>Research partners<\/strong><b><br \/>\n<\/b>Daniel A. Levy, The Interdisciplinary Center Herzliya, Israel<br \/>\nAntje Heinrich, MRC Institute of Hearing Research, UK<br \/>\nBruce Schneider, University of Toronto, Canada<br \/>\nJean-Pierre Gagn\u00e9, Universit\u00e9 de Montr\u00e9al, Canada<\/p>\n<p><strong>Collaborators<\/strong><b><br \/>\n<\/b>University of Helsinki (Prof. Jaakko Kaprio)[\/vc_column_text][\/vc_column][\/vc_row]\n","protected":false,"raw":"[vc_row][vc_column][vc_column_text]The aim of the study is to investigate whether hearing difficulties influence older adults' social participation and life-space mobility. Life-space mobility describes the size of the spatial area where person moves as well as the frequency of travels in that area. Life-space mobility reflects the balance between individual resources and environmental challenges in person\u2019s daily life in the real world situation. This study is based on the assumption that changes in hearing and cognition in aging and\/or a noisy environment can cause a deprivation of environmental information for the affected person, which in turn can be expressed in uncertainty and poorer functioning in mobility tasks. Better understanding of the challenges hearing impaired person has to face in everyday life, and understanding of the consequences of poor hearing for the mobility is needed in order to promote the older person\u00b4s equal opportunities to participate actively in the society.\r\n\r\n<strong>Funding <\/strong><b>\r\n<\/b>Academy of Finland, ERA-AGE 2, 2013-2015\r\n\r\n<strong>Research group<\/strong><b>\r\n<\/b><i>Principal investigator\r\n<\/i>Anne Viljanen, anne.viljanen@jyu.fi, Department of Health Sciences, University of Jyv\u00e4skyl\u00e4\r\n\r\n<i>Postdoctoral researcher\r\n<\/i>Tuija Mikkola, Department of Health Sciences, University of Jyv\u00e4skyl\u00e4\r\n\r\nDoctoral student\r\nHannele Polku, Department of Health Sciences, University of Jyv\u00e4skyl\u00e4\r\n\r\n<strong>Research partners<\/strong><b>\r\n<\/b>Daniel A. Levy, The Interdisciplinary Center Herzliya, Israel\r\nAntje Heinrich, MRC Institute of Hearing Research, UK\r\nBruce Schneider, University of Toronto, Canada\r\nJean-Pierre Gagn\u00e9, Universit\u00e9 de Montr\u00e9al, Canada\r\n\r\n<strong>Collaborators<\/strong><b>\r\n<\/b>University of Helsinki (Prof. Jaakko Kaprio)[\/vc_column_text][\/vc_column][\/vc_row]"},"excerpt":{"rendered":"[vc_row][vc_column][vc_column_text] Tutkimuksen tarkoituksena on selvitt\u00e4\u00e4 kuulemisvaikeuksien vaikutuksia i\u00e4kk\u00e4iden henkil\u00f6iden sosiaaliseen osallistumiseen ja elinpiirin mahdolliseen pienenemiseen. Elinpiirill\u00e4 tarkoitetaan sit\u00e4 alueellista tilaa, jossa ihminen liikkuu sek\u00e4 eri et\u00e4isyyksille tehtyjen matkojen yleisyytt\u00e4. Erilaajuiset arjen elinpiirit kuvaavat yksil\u00f6n resurssien ja ymp\u00e4rist\u00f6n vaateiden v\u00e4list\u00e4 tasapainoa.&hellip;","protected":false,"raw":""},"author":1,"featured_media":0,"parent":5279,"menu_order":6,"comment_status":"open","ping_status":"open","template":"templates\/left-sidebar.php","meta":{"_mi_skip_tracking":false,"_fi_post_content":"<p>[vc_row][vc_column][vc_column_text]<\/p>\n<div id=\"articleHeader\">\n<p>Tutkimuksen tarkoituksena on selvitt\u00e4\u00e4 kuulemisvaikeuksien vaikutuksia i\u00e4kk\u00e4iden henkil\u00f6iden sosiaaliseen osallistumiseen ja elinpiirin mahdolliseen pienenemiseen. Elinpiirill\u00e4 tarkoitetaan sit\u00e4 alueellista tilaa, jossa ihminen liikkuu sek\u00e4 eri et\u00e4isyyksille tehtyjen matkojen yleisyytt\u00e4. Erilaajuiset arjen elinpiirit kuvaavat yksil\u00f6n resurssien ja ymp\u00e4rist\u00f6n vaateiden v\u00e4list\u00e4 tasapainoa. Tutkimus perustuu olettamukselle, ett\u00e4 mahdolliset ik\u00e4muutokset kuulossa ja kognitiivisessa toimintakyvyss\u00e4, sek\u00e4 meluisa ymp\u00e4rist\u00f6, vaikeuttavat i\u00e4kk\u00e4iden henkil\u00f6iden ymp\u00e4rist\u00f6n havainnointia ja saattavat ilmet\u00e4 liikkumisen ep\u00e4varmuutena. I\u00e4kk\u00e4iden henkil\u00f6iden arjessa kohtaamien erilaisten kuulemisongelmien ja niist\u00e4 mahdollisesti aiheutuvien liikkumisongelmien parempi ja laaja-alaisempi ymm\u00e4rt\u00e4minen on tarpeen pyritt\u00e4ess\u00e4 edist\u00e4m\u00e4\u00e4n i\u00e4kk\u00e4iden henkil\u00f6iden aktiivista ja tasa-arvoista osallisuutta yhteiskunnassa.<\/p>\n<\/div>\n<div id=\"content-core\">\n<div id=\"parent-fieldname-text-0e2c624b-d2fb-4615-bd0c-12c0c7b9502d\">\n<p><strong><br \/>\nRahoittajat<\/strong><b><br \/>\n<\/b>Suomen Akatemia, ERA-AGE 2, 2013-2015<\/p>\n<p><strong>Tutkijaryhm\u00e4<\/strong><b><br \/>\n<\/b><i>Vastuullinen tutkija<br \/>\n<\/i>Anne Viljanen, anne.viljanen@jyu.fi, terveystieteiden laitos, Jyv\u00e4skyl\u00e4n yliopisto<\/p>\n<p><i>Tutkijatohtori<br \/>\n<\/i>Tuija Mikkola, terveystieteiden laitos, Jyv\u00e4skyl\u00e4n yliopisto<\/p>\n<p><i>T<\/i><em>ohtorikoulutettava<br \/>\n<\/em>Hannele Polku, terveystieteiden laitos, Jyv\u00e4skyl\u00e4n yliopisto<\/p>\n<p><strong>Muut tutkimuspartnerit<\/strong><b><br \/>\n<\/b>Daniel A. Levy, The Interdisciplinary Center Herzliya, Israel<br \/>\nAntje Heinrich, MRC Institute of Hearing Research, Englanti (UK)<br \/>\nBruce Schneider, University of Toronto, Kanada<br \/>\nJean-Pierre Gagn\u00e9, Universit\u00e9 de Montr\u00e9al, Kanada<\/p>\n<p><strong>Tutkimusyhteisty\u00f6<\/strong><b><br \/>\n<\/b>Helsingin yliopisto (Prof. Jaakko Kaprio)<\/p>\n<\/div>\n<\/div>\n<p>[\/vc_column_text][\/vc_column][\/vc_row]<\/p>\n","_fi_post_name":"kuulo-muisti-ja-hyvinvointi-meluisan-ympariston-asettamat-haasteet-iakkaille-henkiloille-hearattn","_fi_post_excerpt":"","_fi_post_title":"Kuulo, muisti ja hyvinvointi: meluisan ymp\u00e4rist\u00f6n asettamat haasteet i\u00e4kk\u00e4ille henkil\u00f6ille (HEARATTN)","_en_post_content":"[vc_row][vc_column][vc_column_text]The aim of the study is to investigate whether hearing difficulties influence older adults' social participation and life-space mobility. Life-space mobility describes the size of the spatial area where person moves as well as the frequency of travels in that area. Life-space mobility reflects the balance between individual resources and environmental challenges in person\u2019s daily life in the real world situation. This study is based on the assumption that changes in hearing and cognition in aging and\/or a noisy environment can cause a deprivation of environmental information for the affected person, which in turn can be expressed in uncertainty and poorer functioning in mobility tasks. Better understanding of the challenges hearing impaired person has to face in everyday life, and understanding of the consequences of poor hearing for the mobility is needed in order to promote the older person\u00b4s equal opportunities to participate actively in the society.\r\n\r\n<strong>Funding <\/strong><b>\r\n<\/b>Academy of Finland, ERA-AGE 2, 2013-2015\r\n\r\n<strong>Research group<\/strong><b>\r\n<\/b><i>Principal investigator\r\n<\/i>Anne Viljanen, anne.viljanen@jyu.fi, Department of Health Sciences, University of Jyv\u00e4skyl\u00e4\r\n\r\n<i>Postdoctoral researcher\r\n<\/i>Tuija Mikkola, Department of Health Sciences, University of Jyv\u00e4skyl\u00e4\r\n\r\nDoctoral student\r\nHannele Polku, Department of Health Sciences, University of Jyv\u00e4skyl\u00e4\r\n\r\n<strong>Research partners<\/strong><b>\r\n<\/b>Daniel A. Levy, The Interdisciplinary Center Herzliya, Israel\r\nAntje Heinrich, MRC Institute of Hearing Research, UK\r\nBruce Schneider, University of Toronto, Canada\r\nJean-Pierre Gagn\u00e9, Universit\u00e9 de Montr\u00e9al, Canada\r\n\r\n<strong>Collaborators<\/strong><b>\r\n<\/b>University of Helsinki (Prof. Jaakko Kaprio)[\/vc_column_text][\/vc_column][\/vc_row]","_en_post_name":"hearattn","_en_post_excerpt":"","_en_post_title":"Hearing, remembering and living well: Paying attention to challenges that older adults face in noisy environments (HEARATTN)","edit_language":"en","footnotes":""},"class_list":["post-135","page","type-page","status-publish","hentry","entry","no-media"],"_links":{"self":[{"href":"https:\/\/www.gerec.fi\/en\/wp-json\/wp\/v2\/pages\/135","targetHints":{"allow":["GET"]}}],"collection":[{"href":"https:\/\/www.gerec.fi\/en\/wp-json\/wp\/v2\/pages"}],"about":[{"href":"https:\/\/www.gerec.fi\/en\/wp-json\/wp\/v2\/types\/page"}],"author":[{"embeddable":true,"href":"https:\/\/www.gerec.fi\/en\/wp-json\/wp\/v2\/users\/1"}],"replies":[{"embeddable":true,"href":"https:\/\/www.gerec.fi\/en\/wp-json\/wp\/v2\/comments?post=135"}],"version-history":[{"count":4,"href":"https:\/\/www.gerec.fi\/en\/wp-json\/wp\/v2\/pages\/135\/revisions"}],"predecessor-version":[{"id":6751,"href":"https:\/\/www.gerec.fi\/en\/wp-json\/wp\/v2\/pages\/135\/revisions\/6751"}],"up":[{"embeddable":true,"href":"https:\/\/www.gerec.fi\/en\/wp-json\/wp\/v2\/pages\/5279"}],"wp:attachment":[{"href":"https:\/\/www.gerec.fi\/en\/wp-json\/wp\/v2\/media?parent=135"}],"curies":[{"name":"wp","href":"https:\/\/api.w.org\/{rel}","templated":true}]}}

[vc_row][vc_column][vc_column_text]The aim of the study is to investigate whether hearing difficulties influence older adults&#8217; social participation and life-space mobility. Life-space mobility describes the size of the spatial area where person moves as well as the frequency of travels in that area. Life-space mobility reflects the balance between individual resources and environmental challenges in person’s daily life in the real world situation. This study is based on the assumption that changes in hearing and cognition in aging and/or a noisy environment can cause a deprivation of environmental information for the affected person, which in turn can be expressed in uncertainty and poorer functioning in mobility tasks. Better understanding of the challenges hearing impaired person has to face in everyday life, and understanding of the consequences of poor hearing for the mobility is needed in order to promote the older person´s equal opportunities to participate actively in the society.</p>
<p><strong>Funding </strong><b><br />
</b>Academy of Finland, ERA-AGE 2, 2013-2015</p>
<p><strong>Research group</strong><b><br />
</b><i>Principal investigator<br />
</i>Anne Viljanen, anne.viljanen@jyu.fi, Department of Health Sciences, University of Jyväskylä</p>
<p><i>Postdoctoral researcher<br />
</i>Tuija Mikkola, Department of Health Sciences, University of Jyväskylä</p>
<p>Doctoral student<br />
Hannele Polku, Department of Health Sciences, University of Jyväskylä</p>
<p><strong>Research partners</strong><b><br />
</b>Daniel A. Levy, The Interdisciplinary Center Herzliya, Israel<br />
Antje Heinrich, MRC Institute of Hearing Research, UK<br />
Bruce Schneider, University of Toronto, Canada<br />
Jean-Pierre Gagné, Université de Montréal, Canada</p>
<p><strong>Collaborators</strong><b><br />
</b>University of Helsinki (Prof. Jaakko Kaprio)[/vc_column_text][/vc_column][/vc_row]

[vc_row][vc_column][vc_column_text]The aim of the study is to investigate whether hearing difficulties influence older adults' social participation and life-space mobility. Life-space mobility describes the size of the spatial area where person moves as well as the frequency of travels in that area. Life-space mobility reflects the balance between individual resources and environmental challenges in person’s daily life in the real world situation. This study is based on the assumption that changes in hearing and cognition in aging and/or a noisy environment can cause a deprivation of environmental information for the affected person, which in turn can be expressed in uncertainty and poorer functioning in mobility tasks. Better understanding of the challenges hearing impaired person has to face in everyday life, and understanding of the consequences of poor hearing for the mobility is needed in order to promote the older person´s equal opportunities to participate actively in the society.

<strong>Funding </strong><b>
</b>Academy of Finland, ERA-AGE 2, 2013-2015

<strong>Research group</strong><b>
</b><i>Principal investigator
</i>Anne Viljanen, anne.viljanen@jyu.fi, Department of Health Sciences, University of Jyväskylä

<i>Postdoctoral researcher
</i>Tuija Mikkola, Department of Health Sciences, University of Jyväskylä

Doctoral student
Hannele Polku, Department of Health Sciences, University of Jyväskylä

<strong>Research partners</strong><b>
</b>Daniel A. Levy, The Interdisciplinary Center Herzliya, Israel
Antje Heinrich, MRC Institute of Hearing Research, UK
Bruce Schneider, University of Toronto, Canada
Jean-Pierre Gagné, Université de Montréal, Canada

<strong>Collaborators</strong><b>
</b>University of Helsinki (Prof. Jaakko Kaprio)[/vc_column_text][/vc_column][/vc_row]

[vc_row][vc_column][vc_column_text] Tutkimuksen tarkoituksena on selvittää kuulemisvaikeuksien vaikutuksia iäkkäiden henkilöiden sosiaaliseen osallistumiseen ja elinpiirin mahdolliseen pienenemiseen. Elinpiirillä tarkoitetaan sitä alueellista tilaa, jossa ihminen liikkuu sekä eri etäisyyksille tehtyjen matkojen yleisyyttä. Erilaajuiset arjen elinpiirit kuvaavat yksilön resurssien ja ympäristön vaateiden välistä tasapainoa.&hellip;

<p>[vc_row][vc_column][vc_column_text]</p>
<div id="articleHeader">
<p>Tutkimuksen tarkoituksena on selvittää kuulemisvaikeuksien vaikutuksia iäkkäiden henkilöiden sosiaaliseen osallistumiseen ja elinpiirin mahdolliseen pienenemiseen. Elinpiirillä tarkoitetaan sitä alueellista tilaa, jossa ihminen liikkuu sekä eri etäisyyksille tehtyjen matkojen yleisyyttä. Erilaajuiset arjen elinpiirit kuvaavat yksilön resurssien ja ympäristön vaateiden välistä tasapainoa. Tutkimus perustuu olettamukselle, että mahdolliset ikämuutokset kuulossa ja kognitiivisessa toimintakyvyssä, sekä meluisa ympäristö, vaikeuttavat iäkkäiden henkilöiden ympäristön havainnointia ja saattavat ilmetä liikkumisen epävarmuutena. Iäkkäiden henkilöiden arjessa kohtaamien erilaisten kuulemisongelmien ja niistä mahdollisesti aiheutuvien liikkumisongelmien parempi ja laaja-alaisempi ymmärtäminen on tarpeen pyrittäessä edistämään iäkkäiden henkilöiden aktiivista ja tasa-arvoista osallisuutta yhteiskunnassa.</p>
</div>
<div id="content-core">
<div id="parent-fieldname-text-0e2c624b-d2fb-4615-bd0c-12c0c7b9502d">
<p><strong><br />
Rahoittajat</strong><b><br />
</b>Suomen Akatemia, ERA-AGE 2, 2013-2015</p>
<p><strong>Tutkijaryhmä</strong><b><br />
</b><i>Vastuullinen tutkija<br />
</i>Anne Viljanen, anne.viljanen@jyu.fi, terveystieteiden laitos, Jyväskylän yliopisto</p>
<p><i>Tutkijatohtori<br />
</i>Tuija Mikkola, terveystieteiden laitos, Jyväskylän yliopisto</p>
<p><i>T</i><em>ohtorikoulutettava<br />
</em>Hannele Polku, terveystieteiden laitos, Jyväskylän yliopisto</p>
<p><strong>Muut tutkimuspartnerit</strong><b><br />
</b>Daniel A. Levy, The Interdisciplinary Center Herzliya, Israel<br />
Antje Heinrich, MRC Institute of Hearing Research, Englanti (UK)<br />
Bruce Schneider, University of Toronto, Kanada<br />
Jean-Pierre Gagné, Université de Montréal, Kanada</p>
<p><strong>Tutkimusyhteistyö</strong><b><br />
</b>Helsingin yliopisto (Prof. Jaakko Kaprio)</p>
</div>
</div>
<p>[/vc_column_text][/vc_column][/vc_row]</p>

Kuulo, muisti ja hyvinvointi: meluisan ympäristön asettamat haasteet iäkkäille henkilöille (HEARATTN)
